st common factor of 1282771 and 937321?
2303
Calculate the highest common factor of 12375 and 354717.
99
Calculate the highest common factor of 377911218 and 876.
438
Calculate the greatest common divisor of 108 and 22023564.
12
What is the highest common divisor of 530720997 and 15852?
3963
What is the greatest common divisor of 11339341 and 572?
13
What is the highest common factor of 73868690 and 140?
70
What is the highest common factor of 43455555 and 15444?
3861
What is the highest common factor of 9263 and 12703?
1
What is the highest common factor of 36271 and 3781?
19
What is the highest common factor of 7466004 and 116298?
1638
Calculate the highest common factor of 1792 and 919618.
14
Calculate the greatest common divisor of 84506 and 20382302.
2726
Calculate the greatest common factor of 3402602 and 4397792.
9478
Calculate the highest common divisor of 70266844 and 20478.
6826
What is the greatest common factor of 54 and 12640302?
18
What is the greatest common factor of 14780 and 4341040?
20
Calculate the highest common factor of 16384532 and 598018.
5806
Calculate the greatest common factor of 9672 and 95521881.
1209
What is the highest common factor of 144 and 22497088?
16
Calculate the greatest common divisor of 315 and 19121130.
315
What is the highest common divisor of 160394 and 171678?
806
Calculate the highest common divisor of 95139 and 411962441.
10571
Calculate the highest common divisor of 11609455 and 5.
5
What is the highest common factor of 5864 and 54058017?
733
What is the highest common factor of 2211 and 1017334164?
2211
What is the highest common divisor of 218505 and 33285?
105
Calculate the greatest common divisor of 2415 and 351555.
345
Calculate the highest common factor of 16151667 and 223.
223
Calculate the greatest common factor of 301 and 1571951.
43
Calculate the greatest common factor of 6732491 and 46.
23
Calculate the greatest common factor of 1830 and 205716095.
305
Calculate the greatest common divisor of 32 and 104243940.
4
What is the highest common divisor of 38 and 51721363?
19
Calculate the highest common factor of 1094 and 193330.
2
Calculate the highest common factor of 6971744 and 416.
416
Calculate the greatest common divisor of 6842 and 120626.
22
What is the greatest common factor of 13 and 27624246?
13
What is the highest common factor of 8 and 84373960?
8
Calculate the highest common factor of 127089 and 2331011.
523
Calculate the highest common factor of 99760 and 1514960.
2320
Calculate the greatest common factor of 2028830 and 1610.
230
Calculate the greatest common factor of 176 and 20239758.
22
What is the greatest common factor of 216 and 2274?
6
What is the greatest common divisor of 1197625 and 13?
13
What is the greatest common factor of 5330 and 1566370?
130
What is the highest common factor of 3456 and 59076?
108
Calculate the greatest common divisor of 152490091 and 377.
377
Calculate the highest common divisor of 15 and 13485780.
15
Calculate the highest common divisor of 350653 and 2725.
109
Calculate the greatest common factor of 1010 and 74662735.
505
Calculate the highest common factor of 90564817 and 2114.
1057
What is the highest common divisor of 2968246 and 332?
166
Calculate the greatest common divisor of 192 and 45734016.
192
What is the highest common factor of 155480 and 216655400?
11960
What is the highest common divisor of 320 and 116806370?
10
Calculate the greatest common divisor of 28 and 360614142.
14
Calculate the greatest common factor of 7180 and 2258828.
1436
What is the highest common divisor of 3589844 and 100?
4
Calculate the greatest common factor of 315 and 6259239.
63
Calculate the greatest common factor of 50224 and 1112066.
86
Calculate the highest common divisor of 34863591 and 70.
7
Calculate the highest common factor of 7597985 and 145.
5
What is the highest common divisor of 188 and 52156652?
188
Calculate the greatest common factor of 5375 and 23815.
5
What is the greatest common divisor of 403825 and 377?
29
What is the greatest common factor of 1 and 3019577?
1
Calculate the greatest common divisor of 6237 and 144199.
11
Calculate the highest common divisor of 1166963 and 7238.
329
Calculate the highest common divisor of 926044 and 6496.
28
Calculate the greatest common divisor of 889295 and 1285.
5
What is the highest common factor of 2653254 and 2676?
1338
Calculate the greatest common divisor of 98297667 and 234.
117
What is the highest common divisor of 52392 and 81474?
222
What is the highest common divisor of 54 and 27558?
18
Calculate the highest common divisor of 1771875 and 16100.
175
What is the greatest common factor of 18047526 and 966?
42
Calculate the greatest common factor of 30258969 and 117.
39
What is the greatest common divisor of 21116231 and 1883?
269
What is the highest common factor of 44 and 839817220?
44
Calculate the highest common divisor of 122318391 and 247.
13
What is the highest common factor of 14550 and 577753825?
2425
Calculate the greatest common factor of 3282 and 18816.
6
Calculate the highest common divisor of 3 and 49528617.
3
Calculate the highest common divisor of 7642155 and 2085.
15
What is the highest common factor of 708 and 703016388?
708
What is the greatest common divisor of 2474760 and 740460?
2460
What is the highest common divisor of 7215 and 214435?
65
What is the highest common divisor of 5310 and 30650?
10
What is the greatest common divisor of 4508 and 1036193102?
2254
Calculate the greatest common divisor of 670506 and 7266.
6
Calculate the highest common divisor of 2579505 and 19305.
15
What is the greatest common factor of 146560 and 124805?
1145
What is the greatest common divisor of 717 and 5795989?
239
What is the greatest common divisor of 785 and 201883945?
785
Calculate the highest common factor of 2296 and 1046689.
287
What is the highest common divisor of 163 and 30582712?
163
What is the greatest common factor of 4636 and 90592?
76
Calculate the greatest common factor of 113577 and 67989.
393
What is the greatest common factor of 131144 and 129454?
338
Calculate the highest common factor of 502560879 and 354.
177
What is the highest common divisor of 2090 and 21172525?
55
What is the highest common factor of 6976 and 21872376?
872
What is the highest common divisor of 1254974376 and 3048?
3048
What is the highest common divisor of 29070051 and 357?
51
What is the greatest common divisor of 415875901 and 2833?
2833
What is the greatest common factor of 190 and 234826985?
95
Calculate the highest common factor of 2433 and 36237102.
2433
What is the highest common factor of 66 and 865818338?
22
Calculate the highest common factor of 135989295 and 78.
39
Calculate the greatest common factor of 848 and 175478548.
212
What is the highest common divisor of 140 and 4714080?
140
Calculate the highest common divisor of 1968 and 67008924.
492
What is the highest common factor of 8520714 and 369?
9
What is the highest common factor of 13100082 and 912?
114
Calculate the highest common divisor of 22278 and 1422.
474
What is the highest common divisor of 70977031 and 157?
157
What is the highest common factor of 5268 and 6976149?
1317
What is the greatest common divisor of 2257085 and 44300?
2215
What is the greatest common divisor of 206304838 and 194?
194
Calculate the highest common divisor of 71253889 and 44149.
2597
Calculate the highest common divisor of 292 and 85068652.
292
Calculate the greatest common divisor of 932851 and 36811.
131
Calculate the greatest common divisor of 83387097 and 876.
219
Calculate the highest common factor of 78281383 and 8564.
2141
Calculate the highest common divisor of 285308647 and 26.
13
What is the greatest common factor of 171 and 2840329?
19
Calculate the highest common divisor of 16544592 and 3952.
304
What is the greatest common factor of 7459642 and 9909?
367
Calculate the highest common divisor of 1330032 and 9196.
484
Calculate the greatest common factor of 81446 and 1017882.
386
Calculate the greatest common divisor of 962 and 7366554.
26
Calculate the greatest common factor of 58200 and 740.
20
Calculate the greatest common factor of 4629267 and 1462299.
8079
What is the highest common factor of 205620 and 23460?
1380
Calculate t